mmon divisor of d and 23?
23
Suppose -2*q = -10 + 4. Let r be 0/1 - (-7 + q). Let g(l) = -l**3 + 3*l**2 + 5*l - 2. Let j be g(r). What is the highest common divisor of j and 10?
2
Suppose 45 + 25 = 5*c. Let x(p) be the second derivative of 4*p**3/3 + 2*p**2 + p. Let t be x(3). What is the greatest common divisor of c and t?
14
Suppose -k + 5*o = 13, -2*o + 7*o - 20 = 0. Suppose -2*n - 72 = -184. Calculate the highest common divisor of k and n.
7
Let w = 112 + -64. Let u(m) = -4*m. Let v be u(-3). Calculate the greatest common divisor of w and v.
12
Let t = 8 - 4. What is the highest common factor of 20 and t?
4
Let q = 18 + -14. Calculate the highest common factor of q and 20.
4
Let l be (-2)/(-8) - (-504)/32. Let h be 1/4 + 284/l. Calculate the highest common factor of h and 6.
6
Let h be 2*4/((-8)/(-3)). Suppose h*f - 22 = 245. Let a = 43 + f. What is the highest common divisor of 12 and a?
12
Let j(t) = 4 + 7 + 1 + t. Let o be j(12). Calculate the highest common factor of o and 60.
12
Let j be 6/(-9) - (-196)/6. Suppose -7*s + 3*s = -j. Calculate the highest common factor of 2 and s.
2
Let p be (2 + (-232)/20)*-5. Let x(k) = -3*k**3 + k**2 - 2*k. Let d be x(-2). Calculate the highest common factor of p and d.
16
Let g(j) = -14*j + 1. Suppose 6 = -2*p - 6. Let i be g(p). Calculate the highest common factor of 34 and i.
17
Let q be -4*(3 - 51/12). Calculate the highest common factor of 25 and q.
5
Suppose 11 = 4*k + j - 12, k = -4*j + 17. Suppose 0 = y + 2, 0 = 3*i - k*y - 19 - 27. What is the highest common divisor of 132 and i?
12
Let d(k) = -k**3 - 8*k**2 - k - 4. Let f be d(-8). Suppose 0 = -2*b + 6*b - f. What is the highest common factor of 8 and b?
1
Let t(o) = 2*o**2 - 6*o + 4. Let q = 10 - 6. Let d be t(q). Let p(x) = x**3 - 3. Let b be p(3). What is the highest common factor of b and d?
12
Suppose 0 = 2*c + 5*f - 44 - 3, 5*c - 74 = 2*f. What is the highest common factor of 32 and c?
16
Let h(r) = r**2 + 4*r - 4. Let z be h(-7). Calculate the greatest common factor of 51 and z.
17
Suppose 0*p - 2*p = -4*g - 116, 5*p - 262 = 3*g. Let s be (0 - (-3)/6)/((-1)/(-20)). What is the highest common factor of s and p?
10
Let p = -3 - -7. Let w(u) = 2*u**2 - 4*u - 4. Let q be w(p). What is the highest common divisor of 30 and q?
6
Let g(p) = p**2 + 3*p + 117. Let o be g(0). What is the highest common divisor of 9 and o?
9
Let i = -94 - -13. Let z = -47 - i. What is the highest common factor of 17 and z?
17
Let v = 51 - 35. Calculate the highest common factor of 96 and v.
16
Let l be (30/(-21) + 2)*14. What is the greatest common factor of 32 and l?
8
Suppose -4*i - 32 = -7*y + 2*y, 2*i + 18 = 3*y. Calculate the highest common divisor of y and 36.
4
Suppose -3*t = 4*d - 103, -5*d + 18 + 82 = -2*t. What is the highest common divisor of 33 and d?
11
Suppose -1 = f - 11. Calculate the greatest common divisor of f and 5.
5
Suppose 3*m - 7*m + 16 = 0. Let t = -63 - -40. Let f = -3 - t. What is the highest common divisor of f and m?
4
Let v be ((-10)/(-6))/(13/39). What is the greatest common divisor of v and 15?
5
Suppose 0 = -o - 0*o + 11. Suppose h = 2*f - f + 118, -230 = -2*h + 4*f. Calculate the greatest common divisor of o and h.
11
Let c(l) = -2*l - 4. Let y be c(-5). Suppose 4*a = 7*a - b - 51, 78 = 4*a + 2*b. What is the greatest common factor of a and y?
6
Let j(f) = 3*f**2 - 2*f + 3. Let x be j(2). Suppose 2*b - 192 = -2*u, -2*u + 3*u + 2*b - 93 = 0. Calculate the highest common factor of u and x.
11
Suppose 13 = 3*h + 2*s - 7, 0 = 5*h + 5*s - 40. Let z be -2*2/h + 61. Let n be (40/6)/((-2)/(-12)). Calculate the highest common factor of n and z.
20
Let l be 25/(11/(-4) - -3). Calculate the highest common factor of l and 10.
10
Let x be -1 + (0 - -1) + 9. Suppose 0 = -15*z + 14*z + 1. Calculate the greatest common divisor of x and z.
1
Let u(p) = p**3 - 16*p**2 + 12*p + 4. Let j be u(15). Let t = j + 85. Calculate the highest common divisor of 22 and t.
22
Suppose 0 = -l + 2*o + 32, 12 = -4*o - 4. What is the greatest common divisor of l and 192?
24
Suppose -3*r - 4 - 2 = -3*x, 3*r = 0. Let z(l) = 2*l**2 + 5*l + 3. Let h be z(-3). Calculate the highest common divisor of h and x.
2
Suppose 4*k + 5*u - 191 = k, -327 = -5*k - 4*u. Let d = k + -22. Let l = -7 - -12. Calculate the greatest common divisor of d and l.
5
Suppose -u + 3*r = 6*r - 14, 4*u - 3*r - 26 = 0. Suppose -j - 2*j + 23 = 2*z, 9 = z + j. Calculate the greatest common factor of u and z.
4
Let k = 1 + 1. Suppose 0 = -k*v + 6. Suppose -3*u = -6 - v. Calculate the greatest common divisor of u and 15.
3
Suppose -4*s + 10 = -2*y, -5*s + 3 = 2*y - 5. Let v = -6 + 11. Calculate the highest common factor of v and s.
1
Let w be (-10)/(-25) - (-12)/(-5). Let z be 39 + (-3 - -1) - w. Calculate the greatest common factor of z and 13.
13
Suppose 4*c - 5*c + 7 = 0. Calculate the highest common divisor of 1 and c.
1
Let y = 17 + -12. Suppose -3*r - 3*n + 2*n + 25 = 0, -y*r + 2*n + 38 = 0. Calculate the highest common divisor of 20 and r.
4
Let n = 7 + -3. Suppose -3*t + 0*i = 5*i - 51, -5*t = -n*i - 48. What is the greatest common divisor of 132 and t?
12
Let d = 16 - 11. Suppose 2*v + 50 = d*w, w + 3*v - 27 = -0*v. What is the highest common factor of w and 12?
12
Let d(h) = -22*h + 1. Let p be d(-6). What is the greatest common divisor of 19 and p?
19
Let t(h) = -15*h + 1. Let p be t(1). Let v = 25 + p. Let n be 102/9 + (-1)/3. Calculate the greatest common factor of n and v.
11
Let f(m) = m**3 + m + 15. Let k be 2 + (2 - (3 - -1)). Let c be f(k). What is the highest common factor of c and 3?
3
Let q(w) = -4*w**2 + w + 40. Let j be q(0). What is the greatest common factor of j and 60?
20
Let u(d) = 35*d**3 - 1. Let o be u(1). Let c = o + -15. Let y = -24 + 43. Calculate the highest common factor of c and y.
19
Let c be 2/5*2*5. Suppose -3*o + 7*o - c = 0. Let i = o + 6. Calculate the highest common divisor of 7 and i.
7
Let i = 57 + -23. Let q = i + -24. Calculate the highest common factor of 25 and q.
5
Suppose -2*c + 3*c - 7 = 0. What is the highest common divisor of 28 and c?
7
Let o = 1 + -1. Suppose 3*f - 4*f = o. Suppose -2*w + f*w + 68 = 0. What is the greatest common divisor of w and 51?
17
Let g(k) = 2*k**2 + 4*k + 8. Let a be g(-6). What is the highest common divisor of 14 and a?
14
Let b = -131 - -218. What is the greatest common divisor of 29 and b?
29
Suppose -15 = -2*k + 21. Calculate the greatest common divisor of k and 45.
9
Let v = 2 - -13. What is the greatest common divisor of 165 and v?
15
Suppose -5*f + f = -12. Suppose -f*q - 18 = -0*q. Let k = 20 + q. Calculate the highest common factor of k and 56.
14
Suppose 3*u - 723 = 12*k - 9*k, 2*k - 8 = 0. What is the greatest common factor of 98 and u?
49
Suppose 4*s - 10*s + 264 = 0. Calculate the highest common divisor of 33 and s.
11
Suppose -12 = -4*x, 41 = k + k + 5*x. Suppose a + 4*a + 545 = 5*h, -391 = -4*h - 5*a. What is the greatest common factor of h and k?
13
Let i = -13 + 23. Let n be (1/(-1))/(1/i). Let v = n - -15. What is the highest common factor of 35 and v?
5
Suppose -x + c = -291, 0 = -2*x - 2*c - 2*c + 552. Calculate the greatest common divisor of x and 26.
26
Suppose -6 = 3*g - 0*g. Let o be (-15)/((g + 3)/(-1)). What is the greatest common divisor of o and 165?
15
Let v be 9 - 0/(1 - 4). Calculate the highest common divisor of 18 and v.
9
Let n(d) = -d**2 + 2*d + 3. Let b be n(3). Suppose -z - 3*z + 48 = b. Let g = 20 - z. What is the highest common factor of g and 88?
8
Suppose -u - 4*u = -2*h - 25, h + 25 = 5*u. Suppose h*p = p - 17. Calculate the highest common divisor of 17 and p.
17
Suppose 2*i - 37 + 15 = 0. Calculate the greatest common factor of 121 and i.
11
Let o = 281 + -171. What is the greatest common factor of 10 and o?
10
Let u = -126 - -246. What is the greatest common factor of 12 and u?
12
Let g = 30 + 0. What is the highest common factor of 10 and g?
10
Let m be 18/(-5)*(-1 + -9). Let r(w) = -2*w**2 + 6*w - 1. Let a be r(4). Let v = 13 + a. What is the highest common divisor of m and v?
4
Suppose -36 = -5*d + 49. Suppose -2*i + w + 3*w - 16 = 0, 20 = 3*i + 5*w. Suppose s - 83 - 2 = i. Calculate the highest common factor of d and s.
17
Let i(z) = -2*z**3 + 29*z**2 - 11*z - 20. Let m 